{"id":437,"date":"2024-05-14T14:19:26","date_gmt":"2024-05-14T14:19:26","guid":{"rendered":"https:\/\/turismocartaya.com\/?page_id=437"},"modified":"2024-11-14T11:49:13","modified_gmt":"2024-11-14T11:49:13","slug":"convento-ntra-sra-de-la-merced","status":"publish","type":"page","link":"https:\/\/turismocartaya.com\/fr\/convento-ntra-sra-de-la-merced\/","title":{"rendered":"Couvent Notre-Dame de la Mis\u00e9ricorde"},"content":{"rendered":"<div data-elementor-type=\"wp-page\" data-elementor-id=\"437\" class=\"elementor elementor-437\" data-elementor-post-type=\"page\">\n\t\t\t\t<div class=\"elementor-element elementor-element-11a9c21 e-flex e-con-boxed e-con e-parent\" data-id=\"11a9c21\" data-element_type=\"container\" data-e-type=\"container\" data-settings=\"{&quot;background_background&quot;:&quot;classic&quot;}\">\n\t\t\t\t\t<div class=\"e-con-inner\">\n\t\t\t\t<div class=\"elementor-element elementor-element-cfd0339 elementor-widget elementor-widget-heading\" data-id=\"cfd0339\" data-element_type=\"widget\" data-e-type=\"widget\" data-widget_type=\"heading.default\">\n\t\t\t\t\t<h2 class=\"elementor-heading-title elementor-size-default\">Couvent Notre-Dame de la Mis\u00e9ricorde<\/h2>\t\t\t\t<\/div>\n\t\t\t\t<div class=\"elementor-element elementor-element-d218772 elementor-widget elementor-widget-heading\" data-id=\"d218772\" data-element_type=\"widget\" data-e-type=\"widget\" data-widget_type=\"heading.default\">\n\t\t\t\t\t<h2 class=\"elementor-heading-title elementor-size-default\">7<\/h2>\t\t\t\t<\/div>\n\t\t\t\t\t<\/div>\n\t\t\t\t<\/div>\n\t\t<div class=\"elementor-element elementor-element-cf90e19 e-flex e-con-boxed e-con e-parent\" data-id=\"cf90e19\" data-element_type=\"container\" data-e-type=\"container\">\n\t\t\t\t\t<div class=\"e-con-inner\">\n\t\t<div class=\"elementor-element elementor-element-e11d507 e-con-full e-flex e-con e-child\" data-id=\"e11d507\" data-element_type=\"container\" data-e-type=\"container\">\n\t\t\t\t<div class=\"elementor-element elementor-element-8cb6492 elementor-widget elementor-widget-image\" data-id=\"8cb6492\" data-element_type=\"widget\" data-e-type=\"widget\" data-widget_type=\"image.default\">\n\t\t\t\t\t\t\t\t\t\t\t\t\t\t\t<img fetchpriority=\"high\" decoding=\"async\" width=\"800\" height=\"574\" src=\"https:\/\/turismocartaya.com\/wp-content\/uploads\/2024\/05\/convento.webp\" class=\"attachment-large size-large wp-image-439\" alt=\"Convento\" srcset=\"https:\/\/turismocartaya.com\/wp-content\/uploads\/2024\/05\/convento.webp 1024w, https:\/\/turismocartaya.com\/wp-content\/uploads\/2024\/05\/convento-300x215.webp 300w, https:\/\/turismocartaya.com\/wp-content\/uploads\/2024\/05\/convento-768x551.webp 768w\" sizes=\"(max-width: 800px) 100vw, 800px\" \/>\t\t\t\t\t\t\t\t\t\t\t\t\t\t\t<\/div>\n\t\t\t\t<\/div>\n\t\t<div class=\"elementor-element elementor-element-9e04456 e-con-full e-flex e-con e-child\" data-id=\"9e04456\" data-element_type=\"container\" data-e-type=\"container\">\n\t\t\t\t<div class=\"elementor-element elementor-element-5857821 elementor-widget elementor-widget-text-editor\" data-id=\"5857821\" data-element_type=\"widget\" data-e-type=\"widget\" data-widget_type=\"text-editor.default\">\n\t\t\t\t\t\t\t\t\t<p>Fond\u00e9e par les Trinitarios de la Merced Descalza entre les XVe et XVIe si\u00e8cles, d\u00e9di\u00e9e \u00e0 la r\u00e9demption des captifs. D\u00e9truite par le tremblement de terre de Lisbonne, elle fut relev\u00e9e en 1756. La tour baroque, notamment la tour baroque, est conserv\u00e9e en bon \u00e9tat, une tour construite en pierres avec un corps de cloches lisse et surmont\u00e9e d&#039;une fl\u00e8che couverte de tuiles. Il se compose de trois espaces : couvent, \u00e9glise ou chapelle et verger.<\/p>\t\t\t\t\t\t\t\t<\/div>\n\t\t<div class=\"elementor-element elementor-element-e4a01d0 e-grid e-con-boxed e-con e-child\" data-id=\"e4a01d0\" data-element_type=\"container\" data-e-type=\"container\">\n\t\t\t\t\t<div class=\"e-con-inner\">\n\t\t\t\t<div class=\"elementor-element elementor-element-51ccc12 elementor-view-default elementor-widget elementor-widget-icon\" data-id=\"51ccc12\" data-element_type=\"widget\" data-e-type=\"widget\" data-widget_type=\"icon.default\">\n\t\t\t\t\t\t\t<div class=\"elementor-icon-wrapper\">\n\t\t\t<a class=\"elementor-icon\" href=\"https:\/\/turismocartaya.com\/fr\/mapa-cartaya\/\">\n\t\t\t<svg aria-hidden=\"true\" class=\"e-font-icon-svg e-fas-arrow-left\" viewbox=\"0 0 448 512\" xmlns=\"http:\/\/www.w3.org\/2000\/svg\"><path d=\"M257.5 445.1l-22.2 22.2c-9.4 9.4-24.6 9.4-33.9 0L7 273c-9.4-9.4-9.4-24.6 0-33.9L201.4 44.7c9.4-9.4 24.6-9.4 33.9 0l22.2 22.2c9.5 9.5 9.3 25-.4 34.3L136.6 216H424c13.3 0 24 10.7 24 24v32c0 13.3-10.7 24-24 24H136.6l120.5 114.8c9.8 9.3 10 24.8.4 34.3z\"><\/path><\/svg>\t\t\t<\/a>\n\t\t<\/div>\n\t\t\t\t\t\t<\/div>\n\t\t\t\t<div class=\"elementor-element elementor-element-b7c0d9f elementor-widget elementor-widget-button\" data-id=\"b7c0d9f\" data-element_type=\"widget\" data-e-type=\"widget\" data-widget_type=\"button.default\">\n\t\t\t\t\t\t\t\t\t\t<a class=\"elementor-button elementor-button-link elementor-size-sm\" href=\"https:\/\/www.google.com\/maps\/dir\/\/Huelva,+Cartaya,+C.+Hospital,+ayuntamiento+cartaya%E9%82%AE%E6%94%BF%E7%BC%96%E7%A0%81:+21450\/@37.283917,-7.1597642,15z\/data=!4m12!1m2!2m1!1sayuntamiento+de+cartaya!4m8!1m0!1m5!1m1!1s0xd10337fe511f4bd:0xbe819676f5729e9a!2m2!1d-7.155394!2d37.2830852!3e3?hl=es\">\n\t\t\t\t\t\t<span class=\"elementor-button-content-wrapper\">\n\t\t\t\t\t\t\t\t\t<span class=\"elementor-button-text\">Comment arriver?<\/span>\n\t\t\t\t\t<\/span>\n\t\t\t\t\t<\/a>\n\t\t\t\t\t\t\t\t<\/div>\n\t\t\t\t\t<\/div>\n\t\t\t\t<\/div>\n\t\t\t\t<\/div>\n\t\t\t\t\t<\/div>\n\t\t\t\t<\/div>\n\t\t\t\t<\/div>","protected":false},"excerpt":{"rendered":"<p>Convento Ntra. Sra. de la Merced 7 Fundado por Trinitarios de la Merced Descalza entre los siglos XV-XVI, dedicada a la redenci\u00f3n de cautivos. Destruido por el terremoto de Lisboa, fue levantado de nuevo en 1756. Se conserva en buen estado sobre todo la torre barroca, torre construida de piedras y lisa el cuerpo de [&hellip;]<\/p>\n","protected":false},"author":1,"featured_media":0,"parent":0,"menu_order":0,"comment_status":"closed","ping_status":"closed","template":"elementor_header_footer","meta":{"slim_seo":{"title":"Couvent Notre-Dame de la Mis\u00e9ricorde | Tourisme \u00e0 Cartaya","description":"Fond\u00e9e par les Trinitaires de la Mis\u00e9ricorde D\u00e9chauss\u00e9e entre les XVe et XVIe si\u00e8cles, d\u00e9di\u00e9e \u00e0 la r\u00e9demption des captifs."},"footnotes":""},"class_list":["post-437","page","type-page","status-publish","hentry"],"_links":{"self":[{"href":"https:\/\/turismocartaya.com\/fr\/wp-json\/wp\/v2\/pages\/437","targetHints":{"allow":["GET"]}}],"collection":[{"href":"https:\/\/turismocartaya.com\/fr\/wp-json\/wp\/v2\/pages"}],"about":[{"href":"https:\/\/turismocartaya.com\/fr\/wp-json\/wp\/v2\/types\/page"}],"author":[{"embeddable":true,"href":"https:\/\/turismocartaya.com\/fr\/wp-json\/wp\/v2\/users\/1"}],"replies":[{"embeddable":true,"href":"https:\/\/turismocartaya.com\/fr\/wp-json\/wp\/v2\/comments?post=437"}],"version-history":[{"count":0,"href":"https:\/\/turismocartaya.com\/fr\/wp-json\/wp\/v2\/pages\/437\/revisions"}],"wp:attachment":[{"href":"https:\/\/turismocartaya.com\/fr\/wp-json\/wp\/v2\/media?parent=437"}],"curies":[{"name":"wp","href":"https:\/\/api.w.org\/{rel}","templated":true}]}}

Couvent Notre-Dame de la Miséricorde

<div data-elementor-type="wp-page" data-elementor-id="437" class="elementor elementor-437" data-elementor-post-type="page">
				<div class="elementor-element elementor-element-11a9c21 e-flex e-con-boxed e-con e-parent" data-id="11a9c21" data-element_type="container" data-e-type="container" data-settings="{&quot;background_background&quot;:&quot;classic&quot;}">
					<div class="e-con-inner">
				<div class="elementor-element elementor-element-cfd0339 elementor-widget elementor-widget-heading" data-id="cfd0339" data-element_type="widget" data-e-type="widget" data-widget_type="heading.default">
					<h2 class="elementor-heading-title elementor-size-default">Couvent Notre-Dame de la Miséricorde</h2>				</div>
				<div class="elementor-element elementor-element-d218772 elementor-widget elementor-widget-heading" data-id="d218772" data-element_type="widget" data-e-type="widget" data-widget_type="heading.default">
					<h2 class="elementor-heading-title elementor-size-default">7</h2>				</div>
					</div>
				</div>
		<div class="elementor-element elementor-element-cf90e19 e-flex e-con-boxed e-con e-parent" data-id="cf90e19" data-element_type="container" data-e-type="container">
					<div class="e-con-inner">
		<div class="elementor-element elementor-element-e11d507 e-con-full e-flex e-con e-child" data-id="e11d507" data-element_type="container" data-e-type="container">
				<div class="elementor-element elementor-element-8cb6492 elementor-widget elementor-widget-image" data-id="8cb6492" data-element_type="widget" data-e-type="widget" data-widget_type="image.default">
															<img fetchpriority="high" decoding="async" width="800" height="574" src="https://turismocartaya.com/wp-content/uploads/2024/05/convento.webp" class="attachment-large size-large wp-image-439" alt="Convento" srcset="https://turismocartaya.com/wp-content/uploads/2024/05/convento.webp 1024w, https://turismocartaya.com/wp-content/uploads/2024/05/convento-300x215.webp 300w, https://turismocartaya.com/wp-content/uploads/2024/05/convento-768x551.webp 768w" sizes="(max-width: 800px) 100vw, 800px" />															</div>
				</div>
		<div class="elementor-element elementor-element-9e04456 e-con-full e-flex e-con e-child" data-id="9e04456" data-element_type="container" data-e-type="container">
				<div class="elementor-element elementor-element-5857821 elementor-widget elementor-widget-text-editor" data-id="5857821" data-element_type="widget" data-e-type="widget" data-widget_type="text-editor.default">
									<p>Fondée par les Trinitarios de la Merced Descalza entre les XVe et XVIe siècles, dédiée à la rédemption des captifs. Détruite par le tremblement de terre de Lisbonne, elle fut relevée en 1756. La tour baroque, notamment la tour baroque, est conservée en bon état, une tour construite en pierres avec un corps de cloches lisse et surmontée d&#039;une flèche couverte de tuiles. Il se compose de trois espaces : couvent, église ou chapelle et verger.</p>								</div>
		<div class="elementor-element elementor-element-e4a01d0 e-grid e-con-boxed e-con e-child" data-id="e4a01d0" data-element_type="container" data-e-type="container">
					<div class="e-con-inner">
				<div class="elementor-element elementor-element-51ccc12 elementor-view-default elementor-widget elementor-widget-icon" data-id="51ccc12" data-element_type="widget" data-e-type="widget" data-widget_type="icon.default">
							<div class="elementor-icon-wrapper">
			<a class="elementor-icon" href="https://turismocartaya.com/fr/mapa-cartaya/">
			<svg aria-hidden="true" class="e-font-icon-svg e-fas-arrow-left" viewbox="0 0 448 512" xmlns="http://www.w3.org/2000/svg"><path d="M257.5 445.1l-22.2 22.2c-9.4 9.4-24.6 9.4-33.9 0L7 273c-9.4-9.4-9.4-24.6 0-33.9L201.4 44.7c9.4-9.4 24.6-9.4 33.9 0l22.2 22.2c9.5 9.5 9.3 25-.4 34.3L136.6 216H424c13.3 0 24 10.7 24 24v32c0 13.3-10.7 24-24 24H136.6l120.5 114.8c9.8 9.3 10 24.8.4 34.3z"></path></svg>			</a>
		</div>
						</div>
				<div class="elementor-element elementor-element-b7c0d9f elementor-widget elementor-widget-button" data-id="b7c0d9f" data-element_type="widget" data-e-type="widget" data-widget_type="button.default">
										<a class="elementor-button elementor-button-link elementor-size-sm" href="https://www.google.com/maps/dir//Huelva,+Cartaya,+C.+Hospital,+ayuntamiento+cartaya%E9%82%AE%E6%94%BF%E7%BC%96%E7%A0%81:+21450/@37.283917,-7.1597642,15z/data=!4m12!1m2!2m1!1sayuntamiento+de+cartaya!4m8!1m0!1m5!1m1!1s0xd10337fe511f4bd:0xbe819676f5729e9a!2m2!1d-7.155394!2d37.2830852!3e3?hl=es">
						<span class="elementor-button-content-wrapper">
									<span class="elementor-button-text">Comment arriver?</span>
					</span>
					</a>
								</div>
					</div>
				</div>
				</div>
					</div>
				</div>
				</div>

<p>Convento Ntra. Sra. de la Merced 7 Fundado por Trinitarios de la Merced Descalza entre los siglos XV-XVI, dedicada a la redención de cautivos. Destruido por el terremoto de Lisboa, fue levantado de nuevo en 1756. Se conserva en buen estado sobre todo la torre barroca, torre construida de piedras y lisa el cuerpo de [&hellip;]</p>

Couvent Notre-Dame de la Miséricorde | Tourisme à Cartaya

Fondée par les Trinitaires de la Miséricorde Déchaussée entre les XVe et XVIe siècles, dédiée à la rédemption des captifs.
