{"id":1251,"date":"2024-06-03T22:43:18","date_gmt":"2024-06-03T22:43:18","guid":{"rendered":"https:\/\/turismocartaya.com\/?page_id=1251"},"modified":"2024-06-03T22:44:11","modified_gmt":"2024-06-03T22:44:11","slug":"mirador-nuevo-portil","status":"publish","type":"page","link":"https:\/\/turismocartaya.com\/fr\/mirador-nuevo-portil\/","title":{"rendered":"Point de vue de Nuevo Portil"},"content":{"rendered":"<div data-elementor-type=\"wp-page\" data-elementor-id=\"1251\" class=\"elementor elementor-1251\" data-elementor-post-type=\"page\">\n\t\t\t\t<div class=\"elementor-element elementor-element-11a9c21 e-flex e-con-boxed e-con e-parent\" data-id=\"11a9c21\" data-element_type=\"container\" data-e-type=\"container\" data-settings=\"{&quot;background_background&quot;:&quot;classic&quot;}\">\n\t\t\t\t\t<div class=\"e-con-inner\">\n\t\t\t\t<div class=\"elementor-element elementor-element-cfd0339 elementor-widget elementor-widget-heading\" data-id=\"cfd0339\" data-element_type=\"widget\" data-e-type=\"widget\" data-widget_type=\"heading.default\">\n\t\t\t\t\t<h2 class=\"elementor-heading-title elementor-size-default\">Point de vue de Nuevo Portil<\/h2>\t\t\t\t<\/div>\n\t\t\t\t<div class=\"elementor-element elementor-element-d218772 elementor-widget elementor-widget-heading\" data-id=\"d218772\" data-element_type=\"widget\" data-e-type=\"widget\" data-widget_type=\"heading.default\">\n\t\t\t\t\t<h2 class=\"elementor-heading-title elementor-size-default\">6<\/h2>\t\t\t\t<\/div>\n\t\t\t\t\t<\/div>\n\t\t\t\t<\/div>\n\t\t<div class=\"elementor-element elementor-element-cf90e19 e-flex e-con-boxed e-con e-parent\" data-id=\"cf90e19\" data-element_type=\"container\" data-e-type=\"container\">\n\t\t\t\t\t<div class=\"e-con-inner\">\n\t\t<div class=\"elementor-element elementor-element-e11d507 e-con-full e-flex e-con e-child\" data-id=\"e11d507\" data-element_type=\"container\" data-e-type=\"container\">\n\t\t\t\t<div class=\"elementor-element elementor-element-8cb6492 elementor-widget elementor-widget-image\" data-id=\"8cb6492\" data-element_type=\"widget\" data-e-type=\"widget\" data-widget_type=\"image.default\">\n\t\t\t\t\t\t\t\t\t\t\t\t\t\t\t<img fetchpriority=\"high\" decoding=\"async\" width=\"540\" height=\"405\" src=\"https:\/\/turismocartaya.com\/wp-content\/uploads\/2024\/06\/Mirador-de-Nuevo-Portil.webp\" class=\"attachment-large size-large wp-image-1256\" alt=\"Mirador De Nuevo Portil\" srcset=\"https:\/\/turismocartaya.com\/wp-content\/uploads\/2024\/06\/Mirador-de-Nuevo-Portil.webp 540w, https:\/\/turismocartaya.com\/wp-content\/uploads\/2024\/06\/Mirador-de-Nuevo-Portil-300x225.webp 300w, https:\/\/turismocartaya.com\/wp-content\/uploads\/2024\/06\/Mirador-de-Nuevo-Portil-16x12.webp 16w\" sizes=\"(max-width: 540px) 100vw, 540px\" \/>\t\t\t\t\t\t\t\t\t\t\t\t\t\t\t<\/div>\n\t\t\t\t<\/div>\n\t\t<div class=\"elementor-element elementor-element-9e04456 e-con-full e-flex e-con e-child\" data-id=\"9e04456\" data-element_type=\"container\" data-e-type=\"container\">\n\t\t\t\t<div class=\"elementor-element elementor-element-5857821 elementor-widget elementor-widget-text-editor\" data-id=\"5857821\" data-element_type=\"widget\" data-e-type=\"widget\" data-widget_type=\"text-editor.default\">\n\t\t\t\t\t\t\t\t\t<div id=\"bgLayers_comp-kzxx9opi\" class=\"MW5IWV\" data-hook=\"bgLayers\" data-motion-part=\"BG_LAYER\"><div id=\"bgMedia_comp-kzxx9opi\" class=\"VgO9Yg\" data-motion-part=\"BG_MEDIA\"><div id=\"bgLayers_comp-lragykfp1\" class=\"MW5IWV\" data-hook=\"bgLayers\" data-motion-part=\"BG_LAYER\"><div id=\"bgMedia_comp-lragykfp1\" class=\"VgO9Yg\" data-motion-part=\"BG_MEDIA\">\u00c0 partir de l\u00e0, Nuevo Portil offre une nouvelle perspective sur l\u2019espace naturel des Marismas del R\u00edo Piedras et Flecha de El Rompido.<\/div><\/div><div class=\"\" data-mesh-id=\"comp-lragykfp1inlineContent\" data-testid=\"inline-content\"><div data-mesh-id=\"comp-lragykfp1inlineContent-gridContainer\" data-testid=\"mesh-container-content\"><div id=\"comp-lragykfq2\" class=\"HcOXKn c9GqVL QxJLC3 comp-lragykfq2 wixui-rich-text\" data-testid=\"richTextElement\" data-motion-enter=\"done\"><p>\u00a0<\/p><p class=\"font_8 wixui-rich-text__text\"><span class=\"color_15 wixui-rich-text__text\"><span class=\"wixui-rich-text__text\">En plus de trois points de vue individuels adapt\u00e9s et parfaitement am\u00e9nag\u00e9s, les environs comprennent une aire de jeux pour le plaisir des plus petits.<\/span><\/span><\/p><\/div><\/div><\/div><\/div><\/div>\t\t\t\t\t\t\t\t<\/div>\n\t\t<div class=\"elementor-element elementor-element-e4a01d0 e-grid e-con-boxed e-con e-child\" data-id=\"e4a01d0\" data-element_type=\"container\" data-e-type=\"container\">\n\t\t\t\t\t<div class=\"e-con-inner\">\n\t\t\t\t<div class=\"elementor-element elementor-element-51ccc12 elementor-view-default elementor-widget elementor-widget-icon\" data-id=\"51ccc12\" data-element_type=\"widget\" data-e-type=\"widget\" data-widget_type=\"icon.default\">\n\t\t\t\t\t\t\t<div class=\"elementor-icon-wrapper\">\n\t\t\t<a class=\"elementor-icon\" href=\"https:\/\/turismocartaya.com\/fr\/mapa-nuevo-portil\/\">\n\t\t\t<svg aria-hidden=\"true\" class=\"e-font-icon-svg e-fas-arrow-left\" viewbox=\"0 0 448 512\" xmlns=\"http:\/\/www.w3.org\/2000\/svg\"><path d=\"M257.5 445.1l-22.2 22.2c-9.4 9.4-24.6 9.4-33.9 0L7 273c-9.4-9.4-9.4-24.6 0-33.9L201.4 44.7c9.4-9.4 24.6-9.4 33.9 0l22.2 22.2c9.5 9.5 9.3 25-.4 34.3L136.6 216H424c13.3 0 24 10.7 24 24v32c0 13.3-10.7 24-24 24H136.6l120.5 114.8c9.8 9.3 10 24.8.4 34.3z\"><\/path><\/svg>\t\t\t<\/a>\n\t\t<\/div>\n\t\t\t\t\t\t<\/div>\n\t\t\t\t<div class=\"elementor-element elementor-element-b7c0d9f elementor-widget elementor-widget-button\" data-id=\"b7c0d9f\" data-element_type=\"widget\" data-e-type=\"widget\" data-widget_type=\"button.default\">\n\t\t\t\t\t\t\t\t\t\t<a class=\"elementor-button elementor-button-link elementor-size-sm\" href=\"https:\/\/www.google.com\/maps\/dir\/37.3762089,-6.9634718\/21459+Nuevo+Portil,+Huelva\/@37.2931761,-7.077361,12z\/data=!3m1!4b1!4m18!1m7!3m6!1s0xd11d2e1b48dce2d:0x5855b73023dda18d!2s21459+Nuevo+Portil,+Huelva!3b1!8m2!3d37.216091!4d-7.067323!4m9!1m1!4e1!1m5!1m1!1s0xd11d2e1b48dce2d:0x5855b73023dda18d!2m2!1d-7.067323!2d37.216091!3e0\">\n\t\t\t\t\t\t<span class=\"elementor-button-content-wrapper\">\n\t\t\t\t\t\t\t\t\t<span class=\"elementor-button-text\">Comment arriver?<\/span>\n\t\t\t\t\t<\/span>\n\t\t\t\t\t<\/a>\n\t\t\t\t\t\t\t\t<\/div>\n\t\t\t\t\t<\/div>\n\t\t\t\t<\/div>\n\t\t\t\t<\/div>\n\t\t\t\t\t<\/div>\n\t\t\t\t<\/div>\n\t\t\t\t<\/div>","protected":false},"excerpt":{"rendered":"<p>Mirador de Nuevo Portil 6 Depuis ce point, Nuevo Portil offre une nouvelle perspective sur l&#039;espace naturel des Marismas del R\u00edo Piedras et Flecha de El Rompido.  En plus de trois points de vue individuels adapt\u00e9s et parfaitement \u00e9quip\u00e9s, les environs comprennent une aire de jeux pour le plaisir des plus petits. Comment arriver?<\/p>","protected":false},"author":1,"featured_media":0,"parent":0,"menu_order":0,"comment_status":"closed","ping_status":"closed","template":"elementor_header_footer","meta":{"slim_seo":{"title":"Point de vue de Nuevo Portil | Tourisme \u00e0 Cartaya, El Rompido et Nuevo Portil","description":"\u00c0 partir de l\u00e0, Nuevo Portil offre une nouvelle perspective sur l\u2019espace naturel des Marismas del R\u00edo Piedras et Flecha de El Rompido."},"footnotes":""},"class_list":["post-1251","page","type-page","status-publish","hentry"],"_links":{"self":[{"href":"https:\/\/turismocartaya.com\/fr\/wp-json\/wp\/v2\/pages\/1251","targetHints":{"allow":["GET"]}}],"collection":[{"href":"https:\/\/turismocartaya.com\/fr\/wp-json\/wp\/v2\/pages"}],"about":[{"href":"https:\/\/turismocartaya.com\/fr\/wp-json\/wp\/v2\/types\/page"}],"author":[{"embeddable":true,"href":"https:\/\/turismocartaya.com\/fr\/wp-json\/wp\/v2\/users\/1"}],"replies":[{"embeddable":true,"href":"https:\/\/turismocartaya.com\/fr\/wp-json\/wp\/v2\/comments?post=1251"}],"version-history":[{"count":0,"href":"https:\/\/turismocartaya.com\/fr\/wp-json\/wp\/v2\/pages\/1251\/revisions"}],"wp:attachment":[{"href":"https:\/\/turismocartaya.com\/fr\/wp-json\/wp\/v2\/media?parent=1251"}],"curies":[{"name":"wp","href":"https:\/\/api.w.org\/{rel}","templated":true}]}}

<div data-elementor-type="wp-page" data-elementor-id="1251" class="elementor elementor-1251" data-elementor-post-type="page">
				<div class="elementor-element elementor-element-11a9c21 e-flex e-con-boxed e-con e-parent" data-id="11a9c21" data-element_type="container" data-e-type="container" data-settings="{&quot;background_background&quot;:&quot;classic&quot;}">
					<div class="e-con-inner">
				<div class="elementor-element elementor-element-cfd0339 elementor-widget elementor-widget-heading" data-id="cfd0339" data-element_type="widget" data-e-type="widget" data-widget_type="heading.default">
					<h2 class="elementor-heading-title elementor-size-default">Point de vue de Nuevo Portil</h2>				</div>
				<div class="elementor-element elementor-element-d218772 elementor-widget elementor-widget-heading" data-id="d218772" data-element_type="widget" data-e-type="widget" data-widget_type="heading.default">
					<h2 class="elementor-heading-title elementor-size-default">6</h2>				</div>
					</div>
				</div>
		<div class="elementor-element elementor-element-cf90e19 e-flex e-con-boxed e-con e-parent" data-id="cf90e19" data-element_type="container" data-e-type="container">
					<div class="e-con-inner">
		<div class="elementor-element elementor-element-e11d507 e-con-full e-flex e-con e-child" data-id="e11d507" data-element_type="container" data-e-type="container">
				<div class="elementor-element elementor-element-8cb6492 elementor-widget elementor-widget-image" data-id="8cb6492" data-element_type="widget" data-e-type="widget" data-widget_type="image.default">
															<img fetchpriority="high" decoding="async" width="540" height="405" src="https://turismocartaya.com/wp-content/uploads/2024/06/Mirador-de-Nuevo-Portil.webp" class="attachment-large size-large wp-image-1256" alt="Mirador De Nuevo Portil" srcset="https://turismocartaya.com/wp-content/uploads/2024/06/Mirador-de-Nuevo-Portil.webp 540w, https://turismocartaya.com/wp-content/uploads/2024/06/Mirador-de-Nuevo-Portil-300x225.webp 300w, https://turismocartaya.com/wp-content/uploads/2024/06/Mirador-de-Nuevo-Portil-16x12.webp 16w" sizes="(max-width: 540px) 100vw, 540px" />															</div>
				</div>
		<div class="elementor-element elementor-element-9e04456 e-con-full e-flex e-con e-child" data-id="9e04456" data-element_type="container" data-e-type="container">
				<div class="elementor-element elementor-element-5857821 elementor-widget elementor-widget-text-editor" data-id="5857821" data-element_type="widget" data-e-type="widget" data-widget_type="text-editor.default">
									<div id="bgLayers_comp-kzxx9opi" class="MW5IWV" data-hook="bgLayers" data-motion-part="BG_LAYER"><div id="bgMedia_comp-kzxx9opi" class="VgO9Yg" data-motion-part="BG_MEDIA"><div id="bgLayers_comp-lragykfp1" class="MW5IWV" data-hook="bgLayers" data-motion-part="BG_LAYER"><div id="bgMedia_comp-lragykfp1" class="VgO9Yg" data-motion-part="BG_MEDIA">À partir de là, Nuevo Portil offre une nouvelle perspective sur l’espace naturel des Marismas del Río Piedras et Flecha de El Rompido.</div></div><div class="" data-mesh-id="comp-lragykfp1inlineContent" data-testid="inline-content"><div data-mesh-id="comp-lragykfp1inlineContent-gridContainer" data-testid="mesh-container-content"><div id="comp-lragykfq2" class="HcOXKn c9GqVL QxJLC3 comp-lragykfq2 wixui-rich-text" data-testid="richTextElement" data-motion-enter="done"><p> </p><p class="font_8 wixui-rich-text__text"><span class="color_15 wixui-rich-text__text"><span class="wixui-rich-text__text">En plus de trois points de vue individuels adaptés et parfaitement aménagés, les environs comprennent une aire de jeux pour le plaisir des plus petits.</span></span></p></div></div></div></div></div>								</div>
		<div class="elementor-element elementor-element-e4a01d0 e-grid e-con-boxed e-con e-child" data-id="e4a01d0" data-element_type="container" data-e-type="container">
					<div class="e-con-inner">
				<div class="elementor-element elementor-element-51ccc12 elementor-view-default elementor-widget elementor-widget-icon" data-id="51ccc12" data-element_type="widget" data-e-type="widget" data-widget_type="icon.default">
							<div class="elementor-icon-wrapper">
			<a class="elementor-icon" href="https://turismocartaya.com/fr/mapa-nuevo-portil/">
			<svg aria-hidden="true" class="e-font-icon-svg e-fas-arrow-left" viewbox="0 0 448 512" xmlns="http://www.w3.org/2000/svg"><path d="M257.5 445.1l-22.2 22.2c-9.4 9.4-24.6 9.4-33.9 0L7 273c-9.4-9.4-9.4-24.6 0-33.9L201.4 44.7c9.4-9.4 24.6-9.4 33.9 0l22.2 22.2c9.5 9.5 9.3 25-.4 34.3L136.6 216H424c13.3 0 24 10.7 24 24v32c0 13.3-10.7 24-24 24H136.6l120.5 114.8c9.8 9.3 10 24.8.4 34.3z"></path></svg>			</a>
		</div>
						</div>
				<div class="elementor-element elementor-element-b7c0d9f elementor-widget elementor-widget-button" data-id="b7c0d9f" data-element_type="widget" data-e-type="widget" data-widget_type="button.default">
										<a class="elementor-button elementor-button-link elementor-size-sm" href="https://www.google.com/maps/dir/37.3762089,-6.9634718/21459+Nuevo+Portil,+Huelva/@37.2931761,-7.077361,12z/data=!3m1!4b1!4m18!1m7!3m6!1s0xd11d2e1b48dce2d:0x5855b73023dda18d!2s21459+Nuevo+Portil,+Huelva!3b1!8m2!3d37.216091!4d-7.067323!4m9!1m1!4e1!1m5!1m1!1s0xd11d2e1b48dce2d:0x5855b73023dda18d!2m2!1d-7.067323!2d37.216091!3e0">
						<span class="elementor-button-content-wrapper">
									<span class="elementor-button-text">Comment arriver?</span>
					</span>
					</a>
								</div>
					</div>
				</div>
				</div>
					</div>
				</div>
				</div>

<p>Mirador de Nuevo Portil 6 Depuis ce point, Nuevo Portil offre une nouvelle perspective sur l&#039;espace naturel des Marismas del Río Piedras et Flecha de El Rompido.  En plus de trois points de vue individuels adaptés et parfaitement équipés, les environs comprennent une aire de jeux pour le plaisir des plus petits. Comment arriver?</p>

Point de vue de Nuevo Portil | Tourisme à Cartaya, El Rompido et Nuevo Portil

À partir de là, Nuevo Portil offre une nouvelle perspective sur l’espace naturel des Marismas del Río Piedras et Flecha de El Rompido.
