{"id":2922,"date":"2025-07-30T02:07:34","date_gmt":"2025-07-30T00:07:34","guid":{"rendered":"https:\/\/turismocartaya.com\/?page_id=2922"},"modified":"2025-07-30T02:26:14","modified_gmt":"2025-07-30T00:26:14","slug":"feria-de-octubre","status":"publish","type":"page","link":"https:\/\/turismocartaya.com\/de\/feria-de-octubre\/","title":{"rendered":"Oktoberfest"},"content":{"rendered":"<div data-elementor-type=\"wp-page\" data-elementor-id=\"2922\" class=\"elementor elementor-2922\" data-elementor-post-type=\"page\">\n\t\t\t\t<div class=\"elementor-element elementor-element-61bd39c e-con-full e-flex elementor-invisible e-con e-parent\" data-id=\"61bd39c\" data-element_type=\"container\" data-e-type=\"container\" data-settings=\"{&quot;background_background&quot;:&quot;classic&quot;,&quot;shape_divider_bottom&quot;:&quot;waves&quot;,&quot;animation&quot;:&quot;fadeIn&quot;,&quot;animation_mobile&quot;:&quot;fadeInUp&quot;}\">\n\t\t\t\t<div class=\"elementor-shape elementor-shape-bottom\" aria-hidden=\"true\" data-negative=\"false\">\n\t\t\t<svg xmlns=\"http:\/\/www.w3.org\/2000\/svg\" viewbox=\"0 0 1000 100\" preserveaspectratio=\"none\">\n\t<path class=\"elementor-shape-fill\" d=\"M421.9,6.5c22.6-2.5,51.5,0.4,75.5,5.3c23.6,4.9,70.9,23.5,100.5,35.7c75.8,32.2,133.7,44.5,192.6,49.7\tc23.6,2.1,48.7,3.5,103.4-2.5c54.7-6,106.2-25.6,106.2-25.6V0H0v30.3c0,0,72,32.6,158.4,30.5c39.2-0.7,92.8-6.7,134-22.4\tc21.2-8.1,52.2-18.2,79.7-24.2C399.3,7.9,411.6,7.5,421.9,6.5z\"\/>\n<\/svg>\t\t<\/div>\n\t\t\t\t<\/div>\n\t\t<div class=\"elementor-element elementor-element-444ef14 e-flex e-con-boxed elementor-invisible e-con e-parent\" data-id=\"444ef14\" data-element_type=\"container\" data-e-type=\"container\" data-settings=\"{&quot;animation&quot;:&quot;fadeIn&quot;,&quot;animation_mobile&quot;:&quot;fadeInUp&quot;}\">\n\t\t\t\t\t<div class=\"e-con-inner\">\n\t\t\t\t<div class=\"elementor-element elementor-element-21bf172 elementor-widget elementor-widget-heading\" data-id=\"21bf172\" data-element_type=\"widget\" data-e-type=\"widget\" data-widget_type=\"heading.default\">\n\t\t\t\t\t<h1 class=\"elementor-heading-title elementor-size-default\">\u201eJahrzehntelange Geschichte, Stolz eines Volkes\u201c<\/h1>\t\t\t\t<\/div>\n\t\t\t\t<div class=\"elementor-element elementor-element-56faaa6 elementor-widget elementor-widget-heading\" data-id=\"56faaa6\" data-element_type=\"widget\" data-e-type=\"widget\" data-widget_type=\"heading.default\">\n\t\t\t\t\t<h2 class=\"elementor-heading-title elementor-size-default\">Oktoberfest<\/h2>\t\t\t\t<\/div>\n\t\t\t\t<div class=\"elementor-element elementor-element-c47542b elementor-widget elementor-widget-text-editor\" data-id=\"c47542b\" data-element_type=\"widget\" data-e-type=\"widget\" data-widget_type=\"text-editor.default\">\n\t\t\t\t\t\t\t\t\t<p>Jeden Herbst ist Cartaya voller Lichter, Musik und Freude, und dann kommt das mit gr\u00f6\u00dfter Spannung erwartete Ereignis: <strong>Die Industrie-, Handels- und Viehmesse zu Ehren der Jungfrau des Rosenkranzes<\/strong>, Schutzpatron der Stadt.<\/p><p>Mit seiner \u00fcber 60-j\u00e4hrigen Geschichte ist diese Messe viel mehr als nur ein Fest; sie ist der authentischste Ausdruck unserer Wurzeln, unserer Hingabe und der Gastfreundschaft, die unser Volk auszeichnet.<\/p><p>Seit seiner ersten Ausgabe im Jahr 1964 hat sich das Volksfest von Cartaya zu einem der wichtigsten festlichen und kulturellen Wahrzeichen der Provinz entwickelt und verbindet Tradition und Spa\u00df in einer einzigartigen Atmosph\u00e4re, die Einwohner und Besucher gleicherma\u00dfen in ihren Bann zieht.<\/p><p>Cartaya hat ein Volksfest mit Seele, das 5 Tage lang zu einem gro\u00dfen Schaufenster wird:<\/p><ul style=\"list-style-type: disc;\"><li>\u00a0Eine Vieh-, Landwirtschafts-, Automobil- und Handelsmesse, die die Arbeit und den Reichtum unseres Landes hervorhebt.<\/li><li>St\u00e4nde mit Musik, Tanz und<strong> typische Gastronomie unserer Stadt<\/strong>, wo bis sp\u00e4t in die Nacht gefeiert wird.<\/li><li>Der emotionalste Moment ist der <strong>Prozession der Jungfrau des Rosenkranzes<\/strong>, wenn Hingabe durch unsere Stra\u00dfen flie\u00dft.<\/li><\/ul><p style=\"text-align: center;\"><strong>Komm und erlebe es<\/strong><br \/>Mitten im Herbst erwartet Sie Cartaya, um Ihnen seine authentischste Seite zu zeigen.<br \/>Lichter, Traditionen, Freude und Hingabe bei einem Festival, das jedes Jahr Geschichte schreibt.<br \/><strong>Erleben Sie die Oktobermesse in Cartaya!<\/strong><\/p><p style=\"text-align: center;\"><em>Jahrzehntelange Geschichte. Jahrzehntelanger Stolz. Und immer mit offenen Armen f\u00fcr Sie.<\/em><\/p>\t\t\t\t\t\t\t\t<\/div>\n\t\t\t\t<div class=\"elementor-element elementor-element-3054e9f elementor-align-center elementor-widget elementor-widget-button\" data-id=\"3054e9f\" data-element_type=\"widget\" data-e-type=\"widget\" data-widget_type=\"button.default\">\n\t\t\t\t\t\t\t\t\t\t<a class=\"elementor-button elementor-button-link elementor-size-sm\" href=\"https:\/\/cartaya.es\/es\/areas-municipales\/revista-de-feria\">\n\t\t\t\t\t\t<span class=\"elementor-button-content-wrapper\">\n\t\t\t\t\t\t\t\t\t<span class=\"elementor-button-text\">Fair Magazin<\/span>\n\t\t\t\t\t<\/span>\n\t\t\t\t\t<\/a>\n\t\t\t\t\t\t\t\t<\/div>\n\t\t\t\t\t<\/div>\n\t\t\t\t<\/div>\n\t\t\t\t<\/div>","protected":false},"excerpt":{"rendered":"<p>\u201cD\u00c9CADAS DE HISTORIA, ORGULLO DE UN PUEBLO\u201d Feria de Octubre Cada oto\u00f1o, Cartaya se llena de luces, m\u00fasica y alegr\u00eda, llega su cita m\u00e1s esperada: La Feria Industrial, Comercial y Ganadera en honor a la Virgen del Rosario, patrona de la localidad. Con m\u00e1s de 60 a\u00f1os de historia, esta feria es mucho m\u00e1s que [&hellip;]<\/p>\n","protected":false},"author":1,"featured_media":0,"parent":0,"menu_order":0,"comment_status":"closed","ping_status":"closed","template":"","meta":{"slim_seo":{"title":"Feria de Octubre | Turismo Cartaya, El Rompido y Nuevo Portil","description":"Cada oto\u00f1o, Cartaya se llena de luces, m\u00fasica y alegr\u00eda, llega su cita m\u00e1s esperada: La Feria Industrial, Comercial y Ganadera en honor a la Virgen del Rosario, patrona de la localidad."},"footnotes":""},"class_list":["post-2922","page","type-page","status-publish","hentry"],"_links":{"self":[{"href":"https:\/\/turismocartaya.com\/de\/wp-json\/wp\/v2\/pages\/2922","targetHints":{"allow":["GET"]}}],"collection":[{"href":"https:\/\/turismocartaya.com\/de\/wp-json\/wp\/v2\/pages"}],"about":[{"href":"https:\/\/turismocartaya.com\/de\/wp-json\/wp\/v2\/types\/page"}],"author":[{"embeddable":true,"href":"https:\/\/turismocartaya.com\/de\/wp-json\/wp\/v2\/users\/1"}],"replies":[{"embeddable":true,"href":"https:\/\/turismocartaya.com\/de\/wp-json\/wp\/v2\/comments?post=2922"}],"version-history":[{"count":0,"href":"https:\/\/turismocartaya.com\/de\/wp-json\/wp\/v2\/pages\/2922\/revisions"}],"wp:attachment":[{"href":"https:\/\/turismocartaya.com\/de\/wp-json\/wp\/v2\/media?parent=2922"}],"curies":[{"name":"wp","href":"https:\/\/api.w.org\/{rel}","templated":true}]}}

<div data-elementor-type="wp-page" data-elementor-id="2922" class="elementor elementor-2922" data-elementor-post-type="page">
				<div class="elementor-element elementor-element-61bd39c e-con-full e-flex elementor-invisible e-con e-parent" data-id="61bd39c" data-element_type="container" data-e-type="container" data-settings="{&quot;background_background&quot;:&quot;classic&quot;,&quot;shape_divider_bottom&quot;:&quot;waves&quot;,&quot;animation&quot;:&quot;fadeIn&quot;,&quot;animation_mobile&quot;:&quot;fadeInUp&quot;}">
				<div class="elementor-shape elementor-shape-bottom" aria-hidden="true" data-negative="false">
			<svg xmlns="http://www.w3.org/2000/svg" viewbox="0 0 1000 100" preserveaspectratio="none">
	<path class="elementor-shape-fill" d="M421.9,6.5c22.6-2.5,51.5,0.4,75.5,5.3c23.6,4.9,70.9,23.5,100.5,35.7c75.8,32.2,133.7,44.5,192.6,49.7	c23.6,2.1,48.7,3.5,103.4-2.5c54.7-6,106.2-25.6,106.2-25.6V0H0v30.3c0,0,72,32.6,158.4,30.5c39.2-0.7,92.8-6.7,134-22.4	c21.2-8.1,52.2-18.2,79.7-24.2C399.3,7.9,411.6,7.5,421.9,6.5z"/>
</svg>		</div>
				</div>
		<div class="elementor-element elementor-element-444ef14 e-flex e-con-boxed elementor-invisible e-con e-parent" data-id="444ef14" data-element_type="container" data-e-type="container" data-settings="{&quot;animation&quot;:&quot;fadeIn&quot;,&quot;animation_mobile&quot;:&quot;fadeInUp&quot;}">
					<div class="e-con-inner">
				<div class="elementor-element elementor-element-21bf172 elementor-widget elementor-widget-heading" data-id="21bf172" data-element_type="widget" data-e-type="widget" data-widget_type="heading.default">
					<h1 class="elementor-heading-title elementor-size-default">„Jahrzehntelange Geschichte, Stolz eines Volkes“</h1>				</div>
				<div class="elementor-element elementor-element-56faaa6 elementor-widget elementor-widget-heading" data-id="56faaa6" data-element_type="widget" data-e-type="widget" data-widget_type="heading.default">
					<h2 class="elementor-heading-title elementor-size-default">Oktoberfest</h2>				</div>
				<div class="elementor-element elementor-element-c47542b elementor-widget elementor-widget-text-editor" data-id="c47542b" data-element_type="widget" data-e-type="widget" data-widget_type="text-editor.default">
									<p>Jeden Herbst ist Cartaya voller Lichter, Musik und Freude, und dann kommt das mit größter Spannung erwartete Ereignis: <strong>Die Industrie-, Handels- und Viehmesse zu Ehren der Jungfrau des Rosenkranzes</strong>, Schutzpatron der Stadt.</p><p>Mit seiner über 60-jährigen Geschichte ist diese Messe viel mehr als nur ein Fest; sie ist der authentischste Ausdruck unserer Wurzeln, unserer Hingabe und der Gastfreundschaft, die unser Volk auszeichnet.</p><p>Seit seiner ersten Ausgabe im Jahr 1964 hat sich das Volksfest von Cartaya zu einem der wichtigsten festlichen und kulturellen Wahrzeichen der Provinz entwickelt und verbindet Tradition und Spaß in einer einzigartigen Atmosphäre, die Einwohner und Besucher gleichermaßen in ihren Bann zieht.</p><p>Cartaya hat ein Volksfest mit Seele, das 5 Tage lang zu einem großen Schaufenster wird:</p><ul style="list-style-type: disc;"><li> Eine Vieh-, Landwirtschafts-, Automobil- und Handelsmesse, die die Arbeit und den Reichtum unseres Landes hervorhebt.</li><li>Stände mit Musik, Tanz und<strong> typische Gastronomie unserer Stadt</strong>, wo bis spät in die Nacht gefeiert wird.</li><li>Der emotionalste Moment ist der <strong>Prozession der Jungfrau des Rosenkranzes</strong>, wenn Hingabe durch unsere Straßen fließt.</li></ul><p style="text-align: center;"><strong>Komm und erlebe es</strong><br />Mitten im Herbst erwartet Sie Cartaya, um Ihnen seine authentischste Seite zu zeigen.<br />Lichter, Traditionen, Freude und Hingabe bei einem Festival, das jedes Jahr Geschichte schreibt.<br /><strong>Erleben Sie die Oktobermesse in Cartaya!</strong></p><p style="text-align: center;"><em>Jahrzehntelange Geschichte. Jahrzehntelanger Stolz. Und immer mit offenen Armen für Sie.</em></p>								</div>
				<div class="elementor-element elementor-element-3054e9f elementor-align-center elementor-widget elementor-widget-button" data-id="3054e9f" data-element_type="widget" data-e-type="widget" data-widget_type="button.default">
										<a class="elementor-button elementor-button-link elementor-size-sm" href="https://cartaya.es/es/areas-municipales/revista-de-feria">
						<span class="elementor-button-content-wrapper">
									<span class="elementor-button-text">Fair Magazin</span>
					</span>
					</a>
								</div>
					</div>
				</div>
				</div>

<p>“DÉCADAS DE HISTORIA, ORGULLO DE UN PUEBLO” Feria de Octubre Cada otoño, Cartaya se llena de luces, música y alegría, llega su cita más esperada: La Feria Industrial, Comercial y Ganadera en honor a la Virgen del Rosario, patrona de la localidad. Con más de 60 años de historia, esta feria es mucho más que [&hellip;]</p>

Cada otoño, Cartaya se llena de luces, música y alegría, llega su cita más esperada: La Feria Industrial, Comercial y Ganadera en honor a la Virgen del Rosario, patrona de la localidad.
